 l + 4 - 5*l**3 + 3*l**3. Let q be j(4). What is the highest common factor of c and q?
6
Let d = 150 + -64. Let i = -16 + d. What is the greatest common factor of 10 and i?
10
Suppose -7*m + 283 = -25. Let x be 1/(3*(-4)/(-36)). Let b(t) = 8*t - 2. Let s be b(x). Calculate the greatest common factor of m and s.
22
Suppose -l - 18 = -4*a, -3*a + 2*l = -2*l - 20. Suppose -20 = -a*f - 0. Suppose 5*j + j = 150. What is the highest common divisor of f and j?
5
Suppose 5*c - 2*c = 168. Suppose -8*i = 5*i - 2*i. Suppose 44 = 4*k + 2*t, i = -0*k + 5*k + 3*t - c. What is the highest common factor of k and 10?
10
Let v(z) = 21*z - 115. Let d be v(7). What is the greatest common factor of 2 and d?
2
Let s be ((-3094)/21)/((-4)/6). Suppose 4*c + 4*n = -216, 63 - s = 3*c + 4*n. Let h = 70 - c. Calculate the highest common factor of 16 and h.
16
Let d = -5184 - -5286. Let q be (0 + 6)/((-6)/(-68)). Calculate the highest common factor of q and d.
34
Let g be 10/50 + (-199)/(-5). Suppose -4*b = -b + 15, 0 = -5*s - 5*b + 15. Calculate the greatest common divisor of g and s.
8
Let z(y) = 19*y**2 + y - 9. Let m(p) = -20*p**2 - p + 10. Let h(b) = 5*m(b) + 6*z(b). Let v be h(-2). What is the highest common divisor of v and 10?
10
Let q(r) = 2*r**2 - 8*r - 3. Let c be q(6). Let i = -12 + c. Let j = 266 + -185. Calculate the greatest common factor of j and i.
9
Suppose -4*n + 3*t = -83, 0*t - 52 = -2*n - 2*t. Suppose 0 = 7*m - n*m + 896. Let w(s) = 3*s + 2. Let j be w(4). What is the greatest common divisor of m and j?
14
Let i be 93 + (-3 - (-3 - -1)). Let d = -2 + i. Calculate the highest common divisor of d and 30.
30
Let r(j) be the third derivative of j**6/120 + 7*j**5/60 - j**4/3 + j**3/6 - 10*j**2. Let l be r(-7). Calculate the highest common divisor of l and 19.
19
Suppose w = -2*w + 12. Let g be 3 + (4 - w - 1). What is the greatest common divisor of 22 and g?
2
Let b be (-216 - -55)/(1 - (-2)/(-1)). Calculate the greatest common factor of 7 and b.
7
Suppose 5*r - 3*i - 190 = 0, 4*i - 114 = -19*r + 16*r. Let c(f) = f**3 + 4*f**2 - 2*f - 1. Let g be c(2). Calculate the highest common divisor of r and g.
19
Let n(m) = 10*m + 20. Let v be n(-4). Let l be 3/(-15) - 444/v. What is the greatest common factor of l and 110?
22
Let z(q) = 2*q**3 + 14*q**2 + 13*q + 7. Let n be z(-5). Let c = -31 - -45. Calculate the highest common factor of n and c.
14
Let t be ((-2)/(-2))/((-6)/(-198)). Suppose 5*q = t - 8. What is the greatest common divisor of 2 and q?
1
Let s(k) = 2*k + 10. Let c be s(8). Let g = c + 16. Let h(l) = 4*l**2 - l - 5. Let i be h(-4). Calculate the highest common factor of i and g.
21
Suppose 0 = -30*m + 28*m + 140. Calculate the highest common factor of 154 and m.
14
Let x be 21/(-9)*3 + -6 + 169. Calculate the highest common divisor of 48 and x.
12
Let i(t) = 4*t**2 + 17*t + 6. Let b be i(-6). Let s be (-3)/(-4 - (-4 - (-9)/b)). Calculate the highest common divisor of s and 72.
8
Let l(y) = 18*y + 4. Let r(s) = -s**3 - 4*s**2 - 2*s + 4. Let o be r(-3). Let h be l(o). What is the greatest common factor of 2 and h?
2
Suppose 0 = 3*s + 7 - 1. Let n = 2 + s. Suppose -3*p + u - 2 = -232, n = 4*p + 3*u - 285. What is the highest common factor of 15 and p?
15
Let r = 264 + -207. Calculate the highest common divisor of r and 3.
3
Suppose 3*l - 317 = 541. Let r = 47 + -16. Suppose -r*q = -35*q + 104. Calculate the highest common factor of q and l.
26
Let d = 22 - 19. Suppose -7*m = -4*m - d. Suppose 2*y = 3*y - 4*s - 13, -3*s = 4*y + 5. Calculate the greatest common divisor of y and m.
1
Suppose -3*z - f = -0*z + 50, 0 = 5*z - 2*f + 76. Let w = 60 + z. Let g = 106 - 102. What is the highest common divisor of g and w?
4
Suppose -179*l = -171*l - 2232. Calculate the greatest common factor of 31 and l.
31
Let y be (1/2)/(8/(-80)). Let n be 2/(6/y)*-3. Suppose 0 = -n*o + 7*o - 12. Calculate the greatest common divisor of 2 and o.
2
Let v(a) = 4*a**2. Let i be v(1). Suppose -i*d - 2*o - 118 = 0, 5*d = 3*d + 3*o - 63. Let q be (-2)/6 + d/(-9). What is the highest common factor of q and 27?
3
Suppose 2*j = 3*q - 450, 2*q = 2*j + 374 - 74. What is the greatest common factor of q and 30?
30
Suppose 5*a = -m - 146, m + 4*a = 9 - 155. Let v = 209 + m. Suppose -7*f + v = -4*f. Calculate the greatest common factor of 21 and f.
21
Let r be (-8)/(-4) - 1*-2. Let v be r*(1 + 4/1). Suppose 0 = -u + 2. Calculate the greatest common divisor of v and u.
2
Suppose -2*j + 1 = 3, -2*u = -2*j - 162. Let h = 201 + -169. Calculate the greatest common factor of h and u.
16
Suppose -t + 86 = u - 26, -5*u - 412 = -4*t. Calculate the greatest common factor of t and 24.
12
Let m be (6 - 2) + (-117)/3. Let z = 5 - m. What is the greatest common divisor of 100 and z?
20
Suppose -4*p = -13*p + 135. What is the greatest common divisor of p and 3?
3
Let o be (108/(-3))/(24/(-18)). What is the greatest common divisor of 1 and o?
1
Let k(p) = p**2 + 7*p + 2. Suppose 2*o - o = 0. Suppose -2*a - 3*a - 35 = o. Let z be k(a). What is the highest common factor of z and 14?
2
Let q = -108 - -348. What is the greatest common divisor of 144 and q?
48
Suppose 4*h - 2*g = 204, 0 = -9*h + 4*h - g + 262. Calculate the highest common factor of 247 and h.
13
Let r = 224 - 76. Let g(z) = 2*z - 5. Let t be g(21). What is the greatest common factor of r and t?
37
Let p(q) = -61*q + 10. Let k be p(-6). Let v = k - 224. Calculate the highest common factor of 19 and v.
19
Let d be (112/20)/(2/10). Let p = d + -18. Suppose -36 = -4*y - 5*m, 2*m = -2*m + 16. Calculate the greatest common divisor of p and y.
2
Let n = -216 - -340. Let d = n - 69. Calculate the greatest common divisor of 11 and d.
11
Let h be 38/2 - (5 + -7). Calculate the greatest common factor of 567 and h.
21
Suppose -3*d + 2*c + 36 = 0, 4*d + 2*c = 18 + 30. Let h = -48 - -76. Suppose 0 = -2*m + h - 4. Calculate the greatest common divisor of d and m.
12
Let d = 164 + -56. Calculate the highest common divisor of 288 and d.
36
Suppose -f - 12 = -5*b, -f + 8 = -5*f. Suppose b*a + 2*a = 144. Let c be 15/4 + 2/8. Calculate the greatest common factor of a and c.
4
Let h(s) = s. Let j be h(4). Suppose -2*n = n - 9. Let a = 13 + n. Calculate the highest common divisor of j and a.
4
Let h = -318 + 347. What is the highest common divisor of h and 116?
29
Let s = 145 - 90. Suppose 550 = -k + 6*k. Let i = k - s. Calculate the greatest common factor of 22 and i.
11
Suppose 5*f = n - 17, 18 = 4*n - f + 7. Suppose -o + 12 + 10 = -q, -3*o + 62 = -n*q. What is the greatest common divisor of o and 18?
18
Suppose 6*a - a = 25. Suppose -5*f = a*d - 35, -3*d - 55 = -4*f + 2*d. What is the greatest common factor of 80 and f?
10
Let p be 1 + 3 + -2 - -2. Suppose -2*m - p*l = 84, 5*l - 54 = 2*m + 39. Let b = m + 63. Calculate the greatest common factor of b and 133.
19
Let l = -857 + 1210. Let p = l + -90. Suppose 0 = 5*t + 3*c - 694, p = -5*t - c + 961. Calculate the highest common divisor of t and 14.
14
Let u be 20*(6 - (-11 + 5)). Calculate the highest common divisor of u and 112.
16
Let t = 190 - 130. Suppose 16 = -z - 12. Let p = 52 + z. What is the greatest common factor of t and p?
12
Let s be 3/(-12) + 225/4. Suppose 2*i = -3*x - 2, 0*x = x + 4*i + 4. Suppose x*p = -4*p + s. Calculate the highest common factor of 7 and p.
7
Let q(h) = h**3 + 7*h**2 - h - 5. Let l be q(-7). Suppose 0*p + p = -1246. Let x be p/(-35) + l/5. Calculate the greatest common divisor of x and 54.
18
Suppose -23*n = 11*n - 1224. Calculate the greatest common factor of 90 and n.
18
Suppose u - 16 = 3*v, -v - v = 3*u - 4. Let p be (34/u)/(7/14). Calculate the highest common factor of 119 and p.
17
Suppose -5*j + 0*j + 1260 = 0. Suppose 15*f = 13*f + 56. What is the greatest common factor of j and f?
28
Let d = -74 + 109. What is the greatest common divisor of d and 14?
7
Let w = 27 - 23. Let n be -2 + 12 + -6 + w. What is the highest common divisor of 8 and n?
8
Let p(b) = b**2 + 15*b + 13. Let h be p(-14). Let o be 15/15 - h*4. Suppose x - o = -0*x. Calculate the greatest common factor of 20 and x.
5
Let s = 599 - 185. What is the greatest common divisor of 46 and s?
46
Suppose -6*y + 3*y - 753 = 0. Let b be ((-54)/12)/(-9) + 243/(-2). Let f = b - y. What is the highest common factor o